culate c(k).
-9
Let k(n) = n**2 - 198*n + 1879. Let o be k(10). Let a(b) = -2*b**3 + 2*b**2 + 5*b + 3. Calculate a(o).
2
Let r(z) = -z**3 + 5*z**2 + 2. Let o be r(5). Let h(l) = 4*l. Let k be h(o). Let s(y) = 19*y**2 - 2 - y**3 - 10*y**2 - k*y**2. Give s(2).
-6
Let b(n) = 8 - n**2 + 16*n**2 - n - 16*n**2. Let i(l) = l - 2. Let r(w) = -b(w) - 4*i(w). Let m(k) = k - 1. Let t be m(4). What is r(t)?
0
Let r(o) = -1 - 8113990*o**2 + 4 + 8113992*o**2 + 6*o. Give r(-6).
39
Let g(z) = z**2 - z + 32. Let w(v) be the first derivative of -4*v**3/3 - 9*v**2 - 8*v - 4. Let a be w(-4). What is g(a)?
32
Let l(i) = -3*i**3 - 2*i**2 - i + 1. Let p be l(-1). Suppose 4*a + 17 = -5*u, 0 = -p*u + 7*u + a + 7. Let h(b) = 7*b**3 - b**2 - 2*b - 1. What is h(u)?
-7
Let y(r) = 3*r. Let z be y(3). Let h = z - 2. Let t(v) be the first derivative of v**2/2 - 9*v + 4049. Determine t(h).
-2
Suppose 160*w + 3113 = 171*w. Let t = -285 + w. Let j(n) = -4*n**2 - 2*n + 2. Calculate j(t).
-10
Let i(y) = y**2. Let u(n) be the first derivative of -n**4/12 + 17*n**3/3 - 3*n**2 - 23. Let g(r) be the second derivative of u(r). Let c be g(18). Give i(c).
4
Let w = 8181 - 8185. Let o(v) = 23*v. What is o(w)?
-92
Let h be 1 - -1 - -1 - 3. Let q(g) be the third derivative of g**4/24 + g**3 + 175*g**2 - 2. Determine q(h).
6
Suppose 17*t + 11 = 18*t. Let l(d) = 4*d**3 - t*d**3 + 3 - d - 4 + 5*d**3 - 2*d. Calculate l(-2).
21
Suppose 0 = -3*f - 5*g + 55, -f - 2 = -3*g + 3. Let a(x) = 7*x**2 + 3*x - 1. Let q be a(-1). Let l(r) = -11*r**2 + 9*r - 75*r**3 + 76*r**q + 9 + 0. Give l(f).
-1
Let z(l) = -32*l**2 + 6*l + 6. Let o(s) = 17*s**2 - 3*s - 3. Let i(p) = -11*o(p) - 6*z(p). Calculate i(2).
11
Let t be 1*(-12 + 2 + -4). Let n = t - -29. Suppose -n*s = -12*s - 18. Let h(w) = w**2 - 3*w - 2. Calculate h(s).
16
Let m(f) = 9 + 4403*f - 4390*f + f**2 + 0. Determine m(-8).
-31
Let v be -1*((-4)/5)/(132/1650). Let f(t) = -t**2 + 14*t - 27. Calculate f(v).
13
Suppose 0 = s + u - 8, 5*s = -0*u + u + 10. Suppose 0 = -5*t + 17 - 2, -s*t = y - 11. Let a(h) = 43 + 33 - 77 + 3*h**3 + 2*h**y. Determine a(-1).
-2
Let p(c) be the first derivative of c**4/4 - 3*c**3 + 9*c**2/2 - 5*c + 491. Let u(h) = 4*h**2 + h**3 + 2*h**2 - h**2 - 4 + h. Let i be u(-4). Determine p(i).
3
Let w(d) = d**3 + 9*d**2 + 6*d + 7. Suppose -858*u = -859*u + 3*y - 17, y = u + 11. Determine w(u).
23
Let k(w) = -28*w + 508. Suppose z + 78 = -5*u + 76, -94 = -5*z + u. Determine k(z).
4
Let l(n) = n**3 + 21*n - 4282 + 8570 - 4279 - n**2 - 11*n**2. Give l(10).
19
Let q(s) = -s**2 + 25*s + 7. Let j(b) = -3*b - 2. Let c(k) = 5*j(k) + q(k). Suppose 5*u - 46 = w - 7, 3*w = 2*u - 13. Suppose 2*l = u + 12. Give c(l).
-3
Let n = 725 + -709. Let x(i) = i**3 - 14*i**2 - 31*i - 15. Calculate x(n).
1
Let y(c) = 1 - 2*c - 8 - c - 6. Let i be y(-4). Let o(h) be the first derivative of 2*h**4 - 2*h**3/3 + h + 11. What is o(i)?
-9
Let r(t) = t**2 - 5*t**2 + 11*t**2 - 9 + 18*t - 8*t**2. What is r(15)?
36
Let a(q) be the third derivative of q**4/12 + q**3/2 + 168*q**2. Calculate a(6).
15
Let y(t) be the third derivative of -t**6/120 + t**5/5 - t**4/24 + 7*t**3/6 + 659*t**2. Determine y(12).
-5
Let l(d) be the second derivative of -d**5/20 - 2*d**4/3 + 11*d**3/6 - 9*d**2/2 + 119*d + 3. Calculate l(-9).
-27
Let f(j) = -69*j**2 - j + 1. Let n = 8050 + -8051. Calculate f(n).
-67
Let r(v) = 4*v**3 + 39*v**2 + 68*v - 156. Let j(l) = 3*l**3 + 29*l**2 + 52*l - 117. Let q(g) = -9*j(g) + 7*r(g). Calculate q(-11).
-6
Let g(x) = x**2 - x - 10. Let z be g(4). Let j(b) be the first derivative of z + b**2 + 0*b + 41*b**3 - b - 37*b**3. Give j(1).
13
Let u = 325949 - 325945. Let w(y) be the third derivative of -y**6/120 + y**5/12 - y**4/12 - y**3/3 + y**2. Determine w(u).
6
Let r(u) = 77*u**2 - 98*u + 1 - 93*u - 78*u**2 - 100*u + 388*u - 95*u. Let j(v) = -2*v**2 - 3*v - 1. Let n be j(-2). Determine r(n).
-14
Let x be -7 + (-67)/((-804)/(-40))*(-3)/5. Let i(d) = -d**2 - 1. Let t(j) = 5*j**2 - 3*j + 7. Let n(g) = -6*i(g) - t(g). Calculate n(x).
9
Suppose -z = -4*n + 126, -z - 9 = 4*n - 131. Let c = 32 - n. Let l(w) = -6*w + 7. Let m be l(c). Let q(f) = 6*f. Give q(m).
6
Let q be (-2 + (-1 - -4))/((-7)/63). Let j(y) = 4*y - 6 - 75*y**2 - 14*y + 11 + 74*y**2. Calculate j(q).
14
Let w be (1763/287 + -7)/(6/28). Let d(t) = 23*t + 66. Calculate d(w).
-26
Let z = 9 - 3. Let h be 4/(1 - 4/12). Let u(q) = -h*q**3 + 5*q**2 + 6*q - 4*q**3 + 2 + 9*q**3. Determine u(z).
2
Let i(r) be the first derivative of -11*r**2/2 - 31590. Let u = 1 - 0. What is i(u)?
-11
Let m = 154 - 149. Let s(l) = -2*l - 15. Let z be (-2)/(-8) + 310/40. Let p(o) = o + 10. Let h(y) = m*s(y) + z*p(y). Determine h(5).
-5
Suppose -32*w = -40*w + 48. Let l be w/42 - (-24)/28. Let k(y) = -6*y**3 - y**2 + 2*y - 1. What is k(l)?
-6
Let i = -875 - -753. Let t = 120 + i. Let r(g) = g**3 + 2. Give r(t).
-6
Let z(p) be the first derivative of p**4/4 + p**3/3 - p**2/2 + 12*p - 11. Let l be 1/9 - 142/1278. Give z(l).
12
Suppose -30 = -2*l + 4*w, -2*l = -l + w. Suppose -3*i = -l*z + 5 - 19, -4*i + 38 = 3*z. Let m(o) = o**2 - 9*o + 12. Determine m(i).
4
Let c(s) be the third derivative of -s**4/24 + 4*s**3/3 + s**2. Let r(x) = x**3 - 7*x**2 + 31*x - 150. Let o be r(6). Calculate c(o).
8
Let o(a) = 29*a**3 - 2*a**2 - 4*a + 4. Let b(x) = 27*x**3 - 2*x**2 - 3*x + 3. Let i(f) = -6*b(f) + 5*o(f). Give i(1).
-15
Let t(y) = y - 3. Let n(c) = -34*c**3 + c. Let h be n(1). Let p(o) = -10 - 149*o + 78*o + 0 + 76*o - 6. Let w(v) = h*t(v) + 6*p(v). What is w(2)?
-3
Let v(k) be the third derivative of -k**6/120 - 2*k**5/15 + k**4/24 + 4*k**3/3 + 514*k**2. Give v(-7).
-48
Let p = 3215 + 796. Let o(y) = -4012*y - 2 + p*y + 4. Calculate o(-12).
14
Let p(m) = -133*m**2 + 43*m**2 - 5*m + 47*m**2 + 6 + 44*m**2. Determine p(8).
30
Let a(l) be the third derivative of l**6/120 - 2*l**5/15 + l**4/24 - 5*l**3/3 - 15*l**2 - 8*l + 2. Suppose 5*g - 28 = 12. Determine a(g).
-2
Suppose -4*d = -1817*h + 1818*h - 15, 3*h - 2*d - 101 = 0. Let b(j) be the first derivative of h - 3*j + 1/3*j**3 - 1/4*j**4 + 5/2*j**2. What is b(3)?
-6
Let c(s) = 3*s + 7. Let u = 271 - 216. Let d be u/(-20) - 2/8. Calculate c(d).
-2
Let o(z) = -148*z - 162. Let m be o(-1). Let w(f) = -f**3 - 12*f**2 + 31*f + 39. What is w(m)?
-3
Let v(s) = 16*s - 7. Let o = -1357 - -1360. Determine v(o).
41
Let o(i) = -3*i**3 + 6*i**2 - 3*i + 4. Let j(v) = 91*v**2 + 29 - 8*v - 60*v**2 - 9 - 16*v**3 - 8*v. Let h(t) = 2*j(t) - 11*o(t). Determine h(4).
0
Suppose 3*a = -14*x - 40 - 57, -a - 29 = 3*x. Let o(p) = p**3 + 20*p**2 - 68*p + 5. Calculate o(a).
-18
Let q(y) be the first derivative of -y**4/4 - y**3/3 + y**2/2 + 15*y - 3046. Give q(0).
15
Suppose -c - 2 = 0, -4*c - 18 = 10*k - 12*k. Suppose -5*s = 2*a - 17, 0*a = k*a + 4*s - 34. Let h(t) = t**3 - 4*t**2 - 6*t - 7. Determine h(a).
29
Let k(f) = f**2 + 3*f + 6. Let l = -127 + 128. Let q be ((-1)/(l/(-2)))/(4/(-10)). Calculate k(q).
16
Let b(l) = -2*l**3 - l**2 + l - 1. Suppose 4*i + 3*u = 7, -4*u = -2*i + 198 - 200. Determine b(i).
-3
Let o(b) be the first derivative of -b**2/2 + 2*b - 98. Suppose 0 = -h - 4*h - 3*x - 16, 2*x = 4*h + 4. What is o(h)?
4
Let f(l) = l**2 + 7*l - 21. Let q be 175/28 + (-49)/196. Determine f(q).
57
Let j(q) = 6481*q**2 - 3*q - 3239*q**2 - 40 - 8*q - 3240*q**2. Calculate j(-3).
11
Let q(c) = c**3 - 17*c**2 + 53*c - 3. Let s be q(13). Let f(r) = -r**3 + 9*r**2 + 10*r + 9. Determine f(s).
9
Let t(m) be the first derivative of -m**2/2 + 15*m + 105. Suppose 0 = -2*w, w + 4*w = 2*y - 24. Let d be t(y). Let b(a) = -a - 3. What is b(d)?
-6
Let n(t) = -2*t**3 + 8*t**2 + 23*t - 5. Let c(j) = -j**3 + 5*j**2 + 12*j - 3. Let o(b) = 11*c(b) - 6*n(b). Suppose -64 - 6 = 10*s. What is o(s)?
39
Let n(f) be the second derivative of -11*f**4/12 + f**3/3 - 618*f. Determine n(-2).
-48
Let n(w) = -3*w**2 + 2*w + 0*w**2 - 9*w**2 - 1152 + 1149. Give n(2).
-47
Let f(a) be the first derivative of -a**7/840 - a**6/72 + a**5/120 - a**4/12 - 25*a**3 - 117. Let v(u) be the third derivative of f(u). What is v(-5)?
-7
Let w(k) be the second derivative of k**5/20 - k**4/6 - k**3/3 + k**2/2 - 492*k. Let m(a) = 2*a - 2. Let z be m(2). Suppose 0*c = -z*c - 4. Determine w(c).
-11
Let l(h) = -h**3 + 8*h**2 + h - 11. Let o = 607 - 602. Suppose -4*u - 2